*m - 369 = 0, 0 = -3*m + 9. What is the greatest common factor of 16 and p?
8
Let u(j) = -3*j + 19. Let p(m) = 5*m - 36. Let n(b) = -3*p(b) - 7*u(b). Let h be n(5). Calculate the greatest common factor of 40 and h.
5
Suppose 3*c - 25 = -5*u, 0 = -c + 4*u - 4 + 18. Let r = 18189 - 18164. What is the highest common factor of r and c?
5
Let f = -41 + 105. Suppose f*g = 60*g + 48. Let u be -7*(-1 - (-15)/(-21)). What is the greatest common divisor of g and u?
12
Suppose 3*s + 22 = 5*f, -5*f - 3*s = 1 + 1. Suppose 5*l - 102 = -z, -f = z - 4. Calculate the highest common divisor of l and 220.
20
Let q = 332 + -147. Let l = -168 + q. Calculate the highest common divisor of l and 85.
17
Suppose 3*d + 333 = -3*i - i, 4*d + 2*i + 444 = 0. Let r = -27 - d. Calculate the highest common divisor of 21 and r.
21
Let b be (9 + (8 - 11))*(-2)/(-3). Suppose -b*r - 2*i + 80 = 0, -14*r = -11*r - i - 50. Calculate the highest common factor of 180 and r.
18
Let z(g) = g**3 + 9*g**2 + 17*g + 1. Let v be z(-5). Suppose 4*f - 263 = -y + 293, -4*y = v. What is the greatest common factor of 5 and f?
5
Suppose -3*j + 24 = 5*q, 3 = 2*j + j - 2*q. Suppose 2546 = 156*f + 29*f - 4299. What is the greatest common divisor of j and f?
1
Let q(j) = 152*j**3 - j**2 + 5*j - 10. Let y be q(2). What is the highest common divisor of 240 and y?
12
Suppose -3*l - a - 23 = -7*l, 5 = a. Suppose 2*y = 5*g - l, -4*g = 5*y - 1 + 2. Suppose 5*r + 145 = 165. What is the highest common factor of g and r?
1
Let k = 530 + -532. Suppose -s = -2*s + 4. Let l be (s + 10/k)*-23. What is the highest common factor of 253 and l?
23
Let x(i) = -47 + 42*i + 44*i - 94*i. Let a be x(-6). What is the greatest common divisor of 3 and a?
1
Let d(r) = r**2 - 13*r + 10. Let w be d(8). Let n = w - -174. Suppose 0 = -5*h - 4*b + 301 + 403, h + 4*b = n. Calculate the highest common factor of h and 20.
20
Suppose -j = 1 - 17. Suppose 66*w + 21 + 837 = 0. Let x = j + w. What is the highest common divisor of x and 12?
3
Let g(f) = f**3 - 3*f**2 - 5*f + 7. Let u be g(4). Let w be 2 + (-3 - u/(-1)). Suppose -w*r = -12*r + 20. What is the highest common divisor of r and 32?
2
Let l be 290*(2 + 6 + -7). Let t = 300 - l. Calculate the greatest common divisor of 310 and t.
10
Suppose -4*q - 34 + 83 = -d, -3*d - 4 = -q. Suppose q + 0 = g. Let k be g + (-3 - -4) + 4. What is the highest common factor of 72 and k?
18
Suppose -21*s = -29*s + 3600. Let a = -230 + s. Calculate the highest common divisor of a and 50.
10
Let f be (2 + (-4 - -2))*(-52)/(-208) - -187. What is the greatest common divisor of 1001 and f?
11
Let z = -1204 - -582. Let t = z + 769. Calculate the greatest common divisor of 196 and t.
49
Let a be 23/23*2*14. Let f be (-4)/(-20) - (3657/(-15) - 8). What is the highest common factor of a and f?
28
Let t(l) = 37*l - 72*l + 37*l + 7 + 42*l**2. Let r be t(-2). What is the greatest common factor of r and 9?
9
Let d(u) = u**3 + 48*u**2 + 91*u + 24. Let h be d(-46). Calculate the highest common divisor of h and 710.
10
Let d = -103 + 114. Suppose -3*v + 534 = 3*j - 0*v, 6 = 3*v. What is the greatest common divisor of d and j?
11
Suppose 15*d = 16*d + 5*o - 47, 3*o + 15 = d. Calculate the greatest common factor of d and 2817.
9
Suppose 3*c - 15 = -10*a + 13*a, -4*c = 2*a - 38. Let l = -84 - -104. What is the greatest common divisor of c and l?
4
Let l(q) = 2*q**2 - 35*q - 26. Let h be l(19). Let z = -24 + h. Let t = z - -1. Calculate the greatest common factor of t and 16.
8
Suppose w - 357 = -4*f, 4*w = -9*f + 12*f - 282. Let z(l) = l**2 + 2*l - 5. Let x be z(-5). Calculate the highest common divisor of f and x.
10
Let h be 35/2*24/20 - 4. Suppose h = -6*a - 19. Let v(w) = w**2 + 9*w + 19. Let p be v(a). What is the highest common factor of 3 and p?
1
Let n(w) = w**2 - 35*w + 96. Let c be n(3). Suppose 8*q - 86 = -2*m + 9*q, c = m + 5*q - 21. Calculate the greatest common divisor of 2 and m.
1
Let j = 2687 + -1650. Calculate the greatest common factor of j and 34.
17
Let v(n) = -11*n - 80. Let z be v(-5). Let g = z - -43. Suppose 3*f = -f - 2*h + 294, -3*h - 135 = -2*f. What is the highest common factor of f and g?
18
Let a(m) = -57*m - 19. Let n(i) = -i - 1. Let y(p) = -a(p) + 76*n(p). Let u be y(-9). Calculate the highest common divisor of 38 and u.
38
Suppose 3*b = 4*c - 2*c - 89, 3*b + 119 = -4*c. Let t be (-6)/b - 5680/(-220). Calculate the highest common factor of 208 and t.
26
Let p be (-6)/(-9) + (-16)/(-30) + (-12492)/(-90). What is the greatest common factor of 525 and p?
35
Let l = -939 - -1675. Suppose -15*v = -7*v - l. What is the greatest common divisor of v and 46?
46
Let y = 182432 - 182240. Let p = 98 + -68. Calculate the greatest common divisor of y and p.
6
Let c(d) = -d**3 - 15*d**2 - 17*d - 2. Let b be c(-14). Let s = b - 29. What is the greatest common divisor of s and 55?
11
Suppose 15 = 3*s, 3*s - 2*s = -4*a + 5. Let k be a + (-3 - -12) - -6. What is the greatest common divisor of 375 and k?
15
Suppose 0 = 5*c + 2*u - 362, c - 5*u + 293 = 5*c. Calculate the highest common divisor of c and 1152.
72
Let m = -19 + 34. Let y(i) = -40*i**2 - i - 8*i**2 - 2532*i**3 + 2535*i**3 + 36. Let s be y(16). What is the highest common divisor of m and s?
5
Let x = 3778 - 3318. Calculate the greatest common divisor of 380 and x.
20
Let m(v) = v**2 - 24*v - 60. Let r be m(21). Let p be (0 + 9)*(-1312)/r. Calculate the greatest common factor of 64 and p.
32
Let z be (-3971)/(-21) - ((-1565)/105 + 15). Calculate the highest common factor of 420 and z.
21
Let f be 1*3*(18 + -20). Let u be (-6)/(-10) - 0 - f/15. Calculate the highest common factor of u and 23.
1
Let y(p) = p**3 - 37*p**2 + 180*p - 607. Let z be y(32). Calculate the greatest common factor of z and 35277.
33
Let r = -3032 + 5840. Calculate the highest common factor of r and 96.
24
Suppose -949*w + 965*w = 4032. Suppose -336 = -c - 0*c. What is the greatest common divisor of c and w?
84
Suppose 2*g = -4*h - 26, 2*g - 21*h + 26*h + 31 = 0. Let o be (g/9)/((-4)/2244). What is the highest common factor of o and 17?
17
Let z(j) = -j**3 - j**2 - 11*j - 11. Let v be z(-6). Suppose -v*b = -233*b - 70. What is the greatest common factor of 5 and b?
5
Let s = 29136 - 28812. What is the highest common divisor of s and 828?
36
Let x(i) = i**2 - 7*i + 13. Let g be x(2). Let k be 1/(-4) - 2/(-8). Suppose -h + k*h - u = -31, g*u = -12. Calculate the greatest common factor of h and 7.
7
Let f(x) = 642*x**2 + 24*x + 33. Let a be f(-1). Suppose 2*s = 5*r + 62, -3*r - 138 + 21 = -5*s. What is the greatest common divisor of s and a?
21
Let y be (-3)/(-15) - ((-9408)/320 + (-4)/10). Calculate the greatest common divisor of 3585 and y.
15
Suppose 148*a - 25520 = 93*a. Calculate the highest common divisor of 224 and a.
16
Let t be (-5)/((-120)/6) - ((-657)/12 + 1). What is the highest common divisor of 1104 and t?
6
Suppose -22 + 8 = -u. Let m(k) = 5*k - 21. Let a be m(u). Suppose 2*y - 9 = 5. What is the greatest common factor of a and y?
7
Let y be (-4)/((116/32)/(-29)). Calculate the highest common factor of y and 1712.
16
Let y be (-11 + 4/(-2))*432/(-702). Let h(s) = 115*s**2 - 2*s. Let n be h(-2). What is the greatest common factor of n and y?
8
Let g = 815 + -399. Let y be ((-3)/(-2))/((-26)/((-6656)/6)). Calculate the greatest common factor of y and g.
32
Let v be (-15*32/72)/((-211)/105 - -2). What is the greatest common divisor of v and 1700?
100
Let p = -2071 + 5660. Calculate the greatest common divisor of p and 74.
37
Let d(g) = -29 + 13*g + 7*g + 87 - 8*g. Let j be d(-4). Let p be (-2 + 0)/(2 - 4). Calculate the highest common factor of p and j.
1
Let k(u) = -6*u**2 + 92*u + 90. Let l be k(15). Calculate the greatest common factor of l and 1130.
10
Let s be (-4 + (8 - 3))*-210. Let h be s/(3*5/(-10)). Let c = 312 + -292. Calculate the greatest common factor of c and h.
20
Let a be (-8225)/(-77) - 16/(-88). Suppose 5*r + 2*h + 331 + 44 = 0, 0 = -h + 5. Let w = r + a. Calculate the highest common divisor of w and 45.
15
Suppose 5*s - 66 = -6*s. Let n be (36/6)/6*s. Let m(p) = -9*p + 3. Let f be m(-7). What is the highest common factor of f and n?
6
Let o(d) = 12*d**2 - 8*d**2 - 4*d**2 - d**2 + 8 - 7*d. Let m be o(0). What is the greatest common factor of